 - 5. Let j(c) = 4*c + 6. Let o = -7 + 13. Let m(r) = o*j(r) + 7*k(r). What is m(f)?
7
Suppose 0*x + 5 = 5*x - 5*u, 4*x + u - 9 = 0. Suppose -c - 2*h = -6, 3*c = -0*c + x*h + 18. Let v(b) = 2*b + 2. Give v(c).
14
Let o(v) be the third derivative of v**7/5040 - v**6/144 - v**5/30 - v**2. Let n(r) be the third derivative of o(r). Let p = -44 - -44. Determine n(p).
-5
Let c be (-3)/(-2)*(-364)/(-21). Let z = 32 - c. Let j(w) = w**2 - 6*w - 3. Determine j(z).
-3
Let h be 1*-2 + -1 + 8. Let w(s) = 1 - h + 5*s + 3*s**2 - 2*s + 0 - s**3. Calculate w(4).
-8
Let u(d) = 4 + 2*d**2 - 6 + 3*d - 3*d**2 - d**2. Give u(3).
-11
Let w(m) = m**2 - 4*m + 6. Let g = 10 - 5. Give w(g).
11
Let h(n) = -1 + 6*n - 1 - 7*n. Let a(i) = -i - 9. Let z be a(-6). What is h(z)?
1
Let j(h) be the third derivative of h**4/24 - 11*h**3/6 - 5*h**2. Calculate j(6).
-5
Let u = -1 - -5. Let k be (-2 - 0)*2/u. Let x = -3 - k. Let p(g) = -4*g. Determine p(x).
8
Let f(r) = r**2 + 7*r + 6. Suppose -3*w = -2*w - 5*d - 19, -d = 2*w + 17. Calculate f(w).
0
Suppose 0 = i - 2*i - 13. Let s = -10 - i. Suppose -5*d + t = -2*t - 5, 0 = -3*d + 3*t + s. Let w(l) = 6*l + 1. Give w(d).
7
Let x(q) = -15*q - 22*q + 53*q - 5 - 14*q. Calculate x(6).
7
Let z(s) be the third derivative of -s**6/120 + s**5/60 - s**4/24 + 5*s**3/6 - 3*s**2. Let n = 2 - 2. Give z(n).
5
Let k(a) be the second derivative of -a**4/12 + 3*a**3/2 + 3*a**2/2 + a. Let v(s) = -s + 1. Let r(w) = -k(w) - 3*v(w). Let p = 144 - 138. What is r(p)?
-6
Let j(f) = -6*f + 5*f - 11*f**2 + 3 + 10*f**2 - 5*f. Suppose 2*u + 15 = 5. Determine j(u).
8
Let s(o) = -o - 15. Let k be -2 + (-2)/9 + (-80)/(-36). Determine s(k).
-15
Let c(y) = -y - y**3 + 22 + 8*y**2 - 46 + 27. Give c(8).
-5
Let o be (-2)/9 + (-215)/45. Let n(j) = 5*j**3 - 5*j**2 - 12*j + 2. Let f(y) = 2*y**3 - 3*y**2 - 6*y + 1. Let c(r) = 7*f(r) - 3*n(r). Calculate c(o).
6
Let k be 6*(-4)/((-8)/(-3)). Let j(d) = -3*d**2 + d - 6. Let h(t) = -7*t**2 + t - 12. Let n(r) = k*j(r) + 4*h(r). Determine n(-5).
6
Let v(b) = -13*b**2 - 11*b. Let i = 12 - 9. Let s(k) = 7*k**2 + 6*k. Let l(x) = i*v(x) + 5*s(x). What is l(-2)?
-10
Let w(h) = h**3 - 6*h**2 + 5*h - 4. Let z = 24 - -3. Suppose 3*l + 2 = l - 4*y, 4*y + z = 3*l. Calculate w(l).
-4
Let d(k) = k**3 + 4*k**2 - 3*k + 7. Let u be d(-5). Let x(o) = 9*o + 4. Let y(f) = 5*f + 2. Let j(n) = 3*x(n) - 5*y(n). What is j(u)?
-4
Let w(o) be the second derivative of -o**4/24 - 2*o**3/3 - o**2 - 2*o. Let a(x) be the first derivative of w(x). Let p be (-2*3)/(-13 - -15). Determine a(p).
-1
Let v(j) be the third derivative of 0 - j**2 + 0*j + 1/24*j**4 - 1/6*j**3. What is v(1)?
0
Suppose k - i = 31, -k - 3*i = -5*k + 120. Suppose 3*x = -4*h + 2*x + k, 9 = -2*h - 5*x. Let q(r) = 5*r - h*r + 2*r + 2. Determine q(3).
-1
Suppose r + 1 = 3. Let m(h) = 4*h**2 + 0*h**2 + 2*h + h**3 - 2*h**r + 2. Let v(o) = -o + 2. Let q be v(4). Calculate m(q).
-2
Let u = -9 - -4. Let x(o) = 3*o**2 - 14*o - 8. Let m(a) = -2*a**2 + 7*a + 4. Let f(z) = -5*m(z) - 3*x(z). Give f(u).
-6
Let k(m) be the second derivative of m**4/12 - 5*m**3/6 - 3*m**2 - 4*m. Calculate k(5).
-6
Let w(h) be the second derivative of -h**5/20 + h**4/4 - h**3/6 + 2*h**2 + h. Let z(d) = -d**3 + 9*d**2 + 9*d + 13. Let f be z(10). Determine w(f).
1
Let f(i) = 3 + 0*i + 11*i - 12*i. What is f(-3)?
6
Let c(u) = u - 1. Let g = 6 + 6. Suppose -k = -5*k + g. Calculate c(k).
2
Let d = -9 - -6. Let x be (3 + d/3)/(-2). Let r(q) = 6*q - 5*q + 1 + 0 + 3*q. What is r(x)?
-3
Let d(n) = -n**2 + 6. Let c(m) = m**2 - m - 5. Let a(i) = -3*c(i) - 2*d(i). Let g = 7 - 9. Determine a(g).
-7
Suppose 4*n - 4 = -0. Let x be 0/(-1)*(2 - n). Let v(f) = f + 0 + 0. Give v(x).
0
Suppose -4*b - 2*c + 25 = c, 5*b + 2*c = 26. Suppose -7 = -i - b. Let y(l) be the third derivative of -l**4/12 - l**3/3 + 147*l**2. Determine y(i).
-8
Let r(y) = -y**3 - 2*y**2 - 2*y + 2. Let o = -4 - -10. Let c = -8 + o. What is r(c)?
6
Suppose -2*k = -h + 6, 8 - 2 = -2*h - 5*k. Suppose b - 29 = -4*a, 0 = 5*a + h*b + 2*b - 39. Let l(i) = i**2 - 7*i + 8. Determine l(a).
8
Let v(x) = 3*x**2 - x + 9. Let b(n) = n**3 + 11*n**2 - 7. Let c be b(-11). Let o(z) = -5*z**2 + 3*z - 17. Let y(a) = c*v(a) - 4*o(a). Calculate y(-6).
-1
Let b(c) = -3*c**3 - c**2. Let p(f) = -f**3 - 6*f**2 - 1. Let u be p(-6). Let z be b(u). Let g(d) = 2 + 0 - d**z + 2. Determine g(3).
-5
Let x(h) = -9*h**3 - h**2. Suppose 0 = -5*k + 3*k - 6. Let o = 2 + k. Give x(o).
8
Suppose -3*m - 4*s - 10 = 0, 3*m = -m + s + 12. Let y = -5 + m. Let g(t) be the third derivative of -t**4/12 + t**3/2 + 2*t**2. Give g(y).
9
Let a(h) be the third derivative of h**4/8 + h**3/3 - 7*h**2. Determine a(-4).
-10
Let t(m) = -3*m**2 + m - 1. Let w(v) = -5*v**2 + 2*v - 2. Let i(a) = -9*t(a) + 4*w(a). What is i(1)?
7
Let p(y) = y**3 - 19*y**2 + y - 17. Let c be p(19). Let g(m) = -2*m. Calculate g(c).
-4
Let f(s) = s**2 - 9*s + 8. Let k be f(8). Suppose -y - 1 + 0 = -4*m, k = y - 5*m + 2. Let r(l) = -l**3 + 4*l**2 - 3. Determine r(y).
6
Let b(f) = 6*f**2 + f - 2. Let c be b(1). Let s(k) = -k**3 + 2 + 3*k**2 + 0*k**2 + 0*k**2 + 2*k**2. Give s(c).
2
Let j(f) = -6*f - 3*f - 5*f - 5 + 13*f. Determine j(-7).
2
Let w(y) = y + 1. Let z(g) = -g**2 + 6*g - 2. Let a be z(5). Suppose 5 = -a*t + 14. Calculate w(t).
4
Let l(v) = -v - 7. Let j = 41 - 50. Determine l(j).
2
Let g be 3/1 - (1 - (-8)/2). Let i(z) = -z**2 + 1. Let y(x) = 2*x**2. Let t(w) = i(w) + y(w). Give t(g).
5
Let v = 10 - 5. Let y(r) be the first derivative of r**4/4 - 4*r**3/3 - 3*r**2/2 - 3*r + 1. Give y(v).
7
Let k be -2*2/8*-2. Suppose -o = -k + 4, -2*o = -4*y + 10. Let g(r) = -y + r**2 + r - 3*r + 2*r. Give g(3).
8
Let w = -22 - -20. Let r(j) = -3*j**3 - 2*j**2 + 2*j. Give r(w).
12
Let q be 20/9 + 8/(-36). Let c(w) = -w - 2*w + 2 + 1 + q*w. Suppose -8 = 3*h - 20. What is c(h)?
-1
Let f(n) = 3*n**2 + 10 + 4*n**2 - 8*n**2 + 6*n. Calculate f(8).
-6
Let h(n) = -9*n. Let j(g) be the third derivative of 5*g**4/24 + g**2. Let k = -45 + 40. Let o(v) = k*j(v) - 3*h(v). What is o(1)?
2
Let m(p) = -7*p**2 - 8*p - 6. Let q(k) = 15*k**2 + 17*k + 13. Let n(z) = -13*m(z) - 6*q(z). Determine n(-1).
-1
Let d be ((-6)/(-4))/(21/(-56)). Let c(g) = -4*g + 3. Let r(x) = -3*x + 4. Let m(n) = d*c(n) + 5*r(n). Determine m(-6).
2
Let s(b) be the third derivative of b**6/120 - b**5/20 - 2*b**3/3 + 2*b**2. Let p be (16/32)/(1/6). Give s(p).
-4
Let f(q) = -3*q**3 - q**2 + q - 1. Suppose -22 = -9*a - 13. Give f(a).
-4
Let w(g) = -2*g**2 + 5*g - 2. Let z = -8 + 15. Let m = 10 - z. Determine w(m).
-5
Suppose -12 = -y + 3*y. Let d = 7 - 4. Let m(q) = 3*q + 8 - 4*q + d*q - q. Calculate m(y).
2
Let w(c) = c + 1. Let v(z) = -z**3 - 10*z**2 - 10*z - 6. Let i be v(-9). Suppose -2 = -i*o + 5*o. Determine w(o).
0
Let x(r) = -r**3 + r - 18. Suppose 3*s = -5*s. What is x(s)?
-18
Let n = 3 + -6. Let g(f) = 3*f - 5. Let o(m) = 4*m - 4. Let i(j) = n*g(j) + 2*o(j). Determine i(5).
2
Let a(w) be the first derivative of w**4/4 - 8*w**3/3 - 5*w**2 + 11*w - 41. Give a(9).
2
Let m(w) = -w + 3. Let b be m(0). Suppose -2*y + 15 = 3*n, -b*n + 8 + 7 = 4*y. Suppose y = 2*d - 7*d - 20. Let u(f) = f + 1. Determine u(d).
-3
Let z(h) = h**3 + 2*h**2 - h + 1. Let m(l) = -l**2 - 6*l - 5. Let t be m(-4). Suppose -2*o = -2*r + t*o + 21, 0 = 4*r - 4*o - 12. What is z(r)?
3
Let c(p) = 2*p**3 + 6*p**2 + 7*p + 1. Let b be c(-2). Let l(y) = y**3 + 5*y**2 + 2*y + 7. Give l(b).
-3
Suppose 5*i = h - 6*h - 50, -5*i - 29 = -2*h. Let n(m) = m**2 + 6*m - 4. What is n(i)?
3
Let d(x) be the second derivative of 3*x**5/20 + x**4/4 - x**2 - 8*x. Give d(-2).
-14
Let a(q) = 2*q**3 - 6*q - q**3 + 28*q**2 - 8 - 23*q**2. What is a(-6)?
-8
Suppose -4*j - 8 = -2*m + 3*m, m - j = 2. Let s(t) = 0 - t**2 + 2*t + m - 1. Let f = 5 - 2. Give s(f).
-4
Let m(b) = -2*b - 5. Let v be m(-4). Let z(y) = y - 2*y**2 + 2*y - y - v*y. Calculate z(1).
-3
Let u(p) = -p**2 + 6*p - 2. Suppose 3 = -2*r + 5. Let d = -4 + 7. Suppose o = r + d. Determine u(o).
6
Suppose 2*i + 2*j = -3*j + 15, 24 = 2*i - 4*j. Suppose -4*t = -6*t + i. Let h(z) = 4*z + z - 3*z - 6. Determine h(t).
4
Let c(x) = x**3 + 4*x**2 - 7*x - 2. Let l be c(-5). Let j(u) = -u**3 + 9*u**2 - 9*u + 6. Give j(l).
-2
Let i(b) = 7*b**3 - 12*b**2 + 10*b + 4. Let m(c) = -c**3 + c**2 - c - 1. Let v(k) =